b + 451 = 0. Is h prime?
True
Suppose 2*m = 5*g - 5010, 4*g = 26*m - 23*m + 7501. Suppose -7*f - 14448 = -3*f. Let t = m - f. Is t a prime number?
True
Suppose -3*f - 257949 = 74*x - 77*x, 4*x - f = 343920. Is x prime?
False
Let x be 3/((-12)/(-4)) + 3. Suppose 0 = i + x*d - 5 + 20, 4*i + 60 = 3*d. Is -1 + 14/10 - 2904/i composite?
True
Suppose 0 = 4*r - 4*x - 184708, 0 = -r - 5*r - 2*x + 277014. Is r composite?
False
Let d = 81 + -18. Is 3676/6 - (-21)/d a prime number?
True
Let s(o) = -581*o**3 - 3*o**2 - o + 1. Suppose 5*u - 21*u = -48. Let w be s(u). Is w/(-24) + (17/(-6) - -3) composite?
True
Suppose 34*h = -8*b + 29*h + 482814, -5*h + 181049 = 3*b. Is b a composite number?
False
Let g(v) be the third derivative of 11*v**6/40 - v**4/8 - v**3/2 + 61*v**2. Let f(h) = -2*h - 9. Let s be f(-6). Is g(s) composite?
True
Let b(n) = 4*n - 70. Let i be b(18). Is i/(36708/6117 + -6) a prime number?
True
Let s be ((-12921)/1 + 0)*(-2 - -1). Let q = -885 + s. Suppose 18*j = 6*j + q. Is j prime?
False
Suppose 0 = -3*r + 4*v + 13, -5*v - 14 = -3*r - 0*v. Suppose 4*o = -4, r*k = -k - 3*o + 1261. Suppose -3*z = -875 - k. Is z a prime number?
True
Let u(a) = -7*a**3 + 3*a**2 - 3*a - 110. Let n = 503 + -512. Is u(n) a composite number?
True
Let w = -18 + 41. Suppose d - 225 = w. Is d - 3*(-1 + 0) a composite number?
False
Let x be 0 - (2685/10)/(1/(-86)). Let q = x - 12203. Suppose 13*h - q = 5*h. Is h a composite number?
False
Suppose 24*a = 19*a + 9*a. Suppose a = z - 4*l - 20691, -2*z + 0*l + l + 41347 = 0. Is z a prime number?
False
Let t = 201498 + -637. Is t prime?
True
Suppose -6*n = -44 - 16. Let u be 98/10 - (-2)/n. Suppose -3*q - 7798 = -u*q. Is q a composite number?
True
Is -4 - -13 - 9 - (-4)/((-16)/(-296132)) prime?
False
Let b be ((-564)/60 - -12) + (-2)/(-5). Suppose d = 7*y - 11*y + 25799, b*d = y + 77371. Is d a composite number?
True
Let l be -2*(-5)/2*(-4 + 155). Let k = l - -538. Let d = k + -922. Is d composite?
True
Suppose -3470*z + 3418*z = -7258108. Is z a prime number?
False
Let j = 57760 + 3391. Is j composite?
False
Let b(t) = 3*t**3 + 7*t**2 - 3*t - 14. Let l(w) = w**2 - w - 1. Let o(d) = -b(d) + 3*l(d). Let k be o(-4). Suppose k - 21 = 2*x. Is x prime?
True
Suppose 2*l - 7*l + 40235 = 0. Let g = 17289 - 3487. Let n = g - l. Is n a composite number?
True
Suppose 3*w = -5*b + 31166, -4*w + 6*w - 2*b - 20804 = 0. Is w composite?
True
Suppose 0 = -63*d + 54*d - 2673. Let q(k) = 165*k + 4. Let i be q(-4). Let c = d - i. Is c composite?
False
Let b(p) = -p**3 + 7*p**2 + 6*p - 23. Let g(s) = -2*s**2 + 9*s - 2. Let r be g(3). Is b(r) composite?
False
Suppose 99314 = s + d, 0 = 8*s - 7*s - 3*d - 99286. Is s composite?
True
Is 344226 + -2 - (24/(-168) + (-20)/7) a composite number?
True
Suppose 0 = -5*o + 25, 31 = 3*l - o + 3*o. Suppose 0 = -2*r - 4, 2*a - l*r = -5*r + 48. Is a a composite number?
True
Let s = -77 + 78. Let x be 5 + -1 + (3 - s/(-1)). Is (-1065)/(-11) + (0 - x/(-44)) a prime number?
True
Let s = -1 - -43. Let t be 12/s - (-4125)/(-7). Let l = 1566 + t. Is l a prime number?
True
Suppose -71681 = -d + 4*x, -215091 = -3*d + 8*x - 12*x. Is d a prime number?
True
Suppose 15 - 21 = -3*v. Suppose 8036 = 12*c + v*c. Let o = c + 279. Is o a prime number?
True
Let y(j) = 108376*j**2 - 22*j - 47. Is y(-2) composite?
False
Let g(i) = i - 3. Let d be g(-2). Suppose 0 = 10*k - 17*k - 3283. Is k/(-1 - (5 + d)) prime?
False
Let b(h) = -h**3 - 2*h**2 + h + 15. Let t = 18 - 16. Suppose -8 = 3*p - t*p. Is b(p) composite?
True
Suppose 3*m - 14 - 13 = 0. Let a(j) be the third derivative of j**6/60 + j**5/20 - 3*j**4/8 - j**3/3 + 2*j**2. Is a(m) prime?
False
Is (968/66 - 15)/(2/(-2110530)) a composite number?
True
Let k = 1840 - 3229. Let g = 12718 - k. Is g prime?
True
Suppose -49594 = -6*q + 47138. Let p = q - 6037. Is p a composite number?
True
Suppose -5*s - 3 = -4*s - 3*o, 4*s = 2*o - 12. Is (-8786)/138*s/1 prime?
True
Let y(b) = -3*b**3 + 6*b**2 - 18*b + 39. Let a(j) = j**3 - 2*j**2 + 9*j - 17. Let z(i) = -5*a(i) - 2*y(i). Let s be (-2)/(-6) + (-17)/(-3). Is z(s) prime?
True
Let j(n) = 177*n**2 - 27*n + 85. Is j(-16) a prime number?
False
Suppose -3*y = q - 131902, -170*q + 131898 = -169*q - y. Is q prime?
True
Suppose -352*g = -366*g + 4604222. Is g composite?
True
Let m = -185 - -185. Suppose c - 9892 - 697 = m. Is c a prime number?
True
Let h(v) = 5*v**2 + 37*v + 53. Let l be ((-280)/(-30) - 8)*(-24 + 0). Is h(l) composite?
False
Let r(q) = -5439*q - 5459. Is r(-68) prime?
True
Suppose -48*o = -50*o + 22. Let u(r) = 344*r - 101. Is u(o) composite?
True
Suppose 0*p + 2*p + 14 = 5*m, -3*m = -2*p - 10. Suppose -5*g + g = 2*n - 16, 3*g - n = 7. Suppose j + 2*j = g*u + 6849, -m*u + 11429 = 5*j. Is j composite?
True
Suppose 24 = 5*m + 3*q, -2*m - 5*q + 0 = -2. Suppose -m*w = -7*w + 4*h + 2947, -8807 = -3*w - 5*h. Is w a prime number?
True
Let x be 580/14 + (672/(-98))/16. Suppose -x*w + 112261 = -406102. Is w a prime number?
False
Let p(n) = 3*n + 24. Let b = 14 - 0. Suppose 20 = b*c - 10*c. Is p(c) a prime number?
False
Suppose b - 2*o - 2515 = -0*b, 2*o = 2. Let t be (0/(-1))/(31 + -13 - 16). Suppose 4*x - 7*x + b = t. Is x a prime number?
True
Suppose -1909 = 3*u + 1751. Let s = u + 8397. Is s composite?
False
Suppose 0 = 26*d + 109 + 73. Is 4586*-2*d/28 a composite number?
False
Suppose -40*w + 2*w - 3*w + 2142865 = 0. Is w prime?
False
Let n = 63161 + -40348. Is n a composite number?
True
Suppose -3014 = -b - 4*q + 8*q, 2*b = 2*q + 6010. Suppose b = 7*f - 4061. Is f a prime number?
True
Let u = -151 + 189. Is 5984 + 12/(-14)*(-133)/u a composite number?
False
Let q = 1057024 + -545027. Is q composite?
False
Let y = 368577 + -117994. Is y a composite number?
False
Suppose -3*q - 5*s + 15 = -0*s, 4*q - 20 = -2*s. Suppose 5*x + 4*t = 2, -q*x - 5 - 2 = t. Is -5 - x - (-263 - -9) prime?
True
Suppose -6*z + 4*z = -18. Suppose z*o + 126 = 7*o. Let u = o - -512. Is u prime?
True
Suppose 77*a - 533352 = -j + 72*a, -5*j - 2*a = -2666645. Is j a prime number?
True
Is (-1286895)/(-10) + (-9)/18 a composite number?
True
Is ((825/(-50))/((-3)/40093))/((-4)/(-8)) a prime number?
False
Suppose 15*o - 148 = 17*o. Let t = o - -75. Is 109725/70 + t/(-2) composite?
False
Let n = -28 - 33. Let g = 61 + n. Suppose 0*r - 2*r + 5*i + 5475 = g, 0 = -3*r + 4*i + 8209. Is r a composite number?
True
Let v(a) = 7*a - 2. Let s be v(2). Let w = 2123 - 2113. Suppose -s*u + 12706 = -w*u. Is u composite?
False
Let a(y) = -588*y**3 + 992*y + 8945. Is a(-9) a composite number?
True
Let k = -116339 + 219510. Is k a prime number?
True
Let y(b) = 281*b**3 + 21*b**2 + 6*b - 10. Let s(f) = 281*f**3 + 21*f**2 + 6*f - 9. Let r(j) = -5*s(j) + 4*y(j). Is r(-4) composite?
True
Let r = 42 - 37. Is 14/(3*(-5)/(-2355)) + r a composite number?
False
Suppose 10*q + 2*s = 13*q - 646233, 5*s = 0. Is q a prime number?
False
Suppose 0 = -c + 5, 2*c + 37509 = 4*n - 29533. Suppose 14*b = 3*k + 9*b - n, k - 5*b - 5581 = 0. Is k a prime number?
True
Let u = 0 - -3. Let n = 183 - 157. Is (1937/n)/((3/2)/u) composite?
False
Let o = 671 + -430. Let j = o + 141. Is j prime?
False
Let k(w) be the first derivative of -16*w + 14*w + 426*w**2 - 15 - 9*w. Is k(2) prime?
True
Let h(w) = 178*w - 120. Let u be h(-23). Let v = 12067 + u. Is v composite?
False
Let x = -36 + 38. Let u = x + 16. Suppose k - 47 = u. Is k a prime number?
False
Suppose 0*r = 9*r - 307341. Suppose -2*m - w + r = m, 3*w = -m + 11383. Is m a composite number?
False
Let g be (140/(-168))/(1/(-15798)). Suppose 2*n - 8774 = -4*w, -n + g = 2*n + 4*w. Is n prime?
True
Suppose 0 = 151*y - 2055392 - 5171015. Is y composite?
False
Let u be -4 - 1/((-6)/52404) - 5. Suppose -u = -5*s + 20770. Is s composite?
True
Let a(v) = 61*v - 53. Let q be a(20). Let h = 1834 - q. Is h prime?
False
Suppose 4678*o = 4694*o - 11139280. Is o a prime number?
False
Let k(z) = -z**2 + 4*z + 8. Let n be k(6). Let t(j) = 3*j**3 + 41*j - 221. Let b be t(5). Let a = b + n. Is a prime?
False
Let f(d) be the first derivative of 61*d**3/3 + 9*d**2/2 + 51*d - 33. Is f(-8) a composite number?
True
Suppose 46*w - 531532 - 7140394 = 0. Is w composite?
False
Let a(g) = 32*g**2 + 35*g - 1451. Is a(50) a composite number?
True
Let q = 730 - 730. Suppose q = -32*f + 1